et q = -70 + 93. List the prime factors of q.
23
Let t = 8 - 22. Let v = 30 - 10. Let a = t + v. What are the prime factors of a?
2, 3
Let x(m) = m - 1. Let n be x(4). Let a be 18/6 + 2 + 1. Suppose 6*g - n*g = -4*v + 21, -3*g + v = -a. List the prime factors of g.
3
Let i(o) = -4 + 3*o**2 + 10*o + 4 + 4 - 4*o**2. Let k be i(8). Suppose -4*h = k, 2*m + 5*h + 55 = 4*m. List the prime factors of m.
3, 5
Let w(v) = 4 + v + 3 - 2*v + 2. What are the prime factors of w(-7)?
2
Suppose -p - 5*i - 17 + 54 = 0, 0 = -2*i + 2. What are the prime factors of p?
2
Suppose 2*y - 26 = -0*y. Suppose -2*f + y - 1 = 0. List the prime factors of f.
2, 3
Suppose u - 79 = 143. List the prime factors of u.
2, 3, 37
Suppose -4 = -p + 19. List the prime factors of p.
23
Suppose -2*g - 7*g = -549. What are the prime factors of g?
61
Suppose 4*q - 13 = -5*j, 3*j - 1 = -4*q + 5*q. List the prime factors of q/(-4) - 43/(-2).
3, 7
Let q = -3 + 30. Suppose -5*t - 5*s = 0, q = 4*t - 5*s - 0. Suppose 0 = -4*c - 4*f + 28, t*c - 4 = -5*f + 7. List the prime factors of c.
2, 3
Suppose 35 = 4*n - 53. Let y be 2/10 - n/10. List the prime factors of y/(-5) - 219/(-15).
3, 5
What are the prime factors of (4 + -1)*-1 + 0 + 114?
3, 37
What are the prime factors of 2 + (-6)/(-8)*(0 + 196)?
149
Suppose 3*t = 7*t - 4. Suppose -4*a + t - 9 = 0. Let s(m) = -2*m**3 - 3*m**2 + m + 2. What are the prime factors of s(a)?
2
Let c be (-2)/(-8) + (-3)/(-4). Suppose 2*o + 7 = 5*y, 3*y = 4*o - c - 6. What are the prime factors of o?
2
Let c = 4 + -8. List the prime factors of ((-54)/c)/((-1)/(-2)).
3
Let p(l) = 11*l**2 - 1. What are the prime factors of p(2)?
43
Suppose -s = 7*u - 2*u - 151, -4*u + 140 = -4*s. List the prime factors of u.
31
Let t(y) = -3*y - 2. Let s be t(-2). Suppose 5*r + 5*n - 11 + 1 = 0, 5*n - s = -3*r. What are the prime factors of 1 + 5 - 0/r?
2, 3
List the prime factors of (-80)/(4 + (-45)/10).
2, 5
Let v = 7 + -7. Suppose n - 4*l + 10 = v, 7*l = 5*n + 2*l + 5. What are the prime factors of n?
2
Let y(r) = -r**2 + 5*r + 5. Let s be (-2 - (1 + -3)) + 5. Let v be y(s). Suppose -x - 5*f = -22, -5*f + 0*f + 10 = -v*x. List the prime factors of x.
2
Suppose 0 = 4*v - 3*c - 472, 5*v - 406 = 5*c + 179. List the prime factors of v.
11
List the prime factors of ((-2)/(-9) - 22/99) + 41.
41
Let t(j) = -j**3 - 12*j**2 - 12*j + 2. Let m be t(-11). Let v = m + -2. What are the prime factors of v?
11
Let x = 17 - 15. Suppose -5*n - 4*r = -x*r - 110, -2*n - 2*r + 44 = 0. List the prime factors of n.
2, 11
Suppose -4*t + 5 + 7 = 0. Let m = t + -4. What are the prime factors of (-9 + 6)*(m - 2)?
3
Suppose -2*z = -31 + 11. Suppose 2*h - 3*h + z = 0. What are the prime factors of h?
2, 5
Suppose -2*t - 2*t + 8 = l, 0 = -4*l - t + 107. Suppose y - l = -y. What are the prime factors of y?
2, 7
Suppose 5*w + 1 = -l - 7, -2*w + 13 = -5*l. Let d(k) = k**2 - 4. Let r be d(l). Suppose 88 = 3*m - 5*s, -r*m - 2*s + 85 = 2*s. List the prime factors of m.
3, 7
Suppose 0 = 3*n - 550 - 290. List the prime factors of n.
2, 5, 7
Let x = 99 + -65. Let l = -16 + x. What are the prime factors of l?
2, 3
Suppose 33 = -g - 2*g. What are the prime factors of (-119)/(-11) - 2/g?
11
List the prime factors of (-33 - -26)*(-122)/7.
2, 61
Let s(g) = -2*g**3 - 2*g**2 - 3*g + 3. Let y be s(-3). Let r = y - 33. What are the prime factors of r?
3, 5
What are the prime factors of 3 + -122*(-3)/6?
2
Suppose -c + 55 = -0*c - u, -5*u = 0. List the prime factors of c.
5, 11
Let g be (-1)/(-1)*(-12)/(-2). Suppose -y = -g*y + 55. Let w = 17 - y. What are the prime factors of w?
2, 3
Suppose m = -13*m + 280. What are the prime factors of m?
2, 5
Suppose 3*z + 564 = 4*q, -2*q + 7*z = 2*z - 282. List the prime factors of q.
3, 47
List the prime factors of (-4086)/(-14) + 3/21.
2, 73
Let z be (-14)/(-2)*(0 - 1). What are the prime factors of z*6/4*-2?
3, 7
Suppose -3*p - 9 + 30 = 0. Suppose 5*q - 17 + p = 0. List the prime factors of q/(-5) + (-66)/(-15).
2
Let j(u) = -2*u**2 - 5 - 3*u + 2*u + 8*u**2 + 0 + u**3. List the prime factors of j(-4).
31
Let x = 7 - 5. List the prime factors of 7/(-2)*x/(-1).
7
Let n(k) = -11*k - 4. List the prime factors of n(-4).
2, 5
Let r be 2*-17*(-3)/3. Suppose 68 + r = -3*u. Let v = -24 - u. What are the prime factors of v?
2, 5
Let f = -7 - -14. Let y = 2 + f. What are the prime factors of y?
3
Suppose 2*q = 5*w + 17, 8*q = 3*q + 4*w + 17. Let h(n) = 10*n**2. List the prime factors of h(q).
2, 5
Suppose 4*s = -4*x - s + 144, -4*s - 108 = -3*x. What are the prime factors of x?
2, 3
Let d = -116 + 118. Let u(z) = 5*z**2 - 2*z**2 - 1 + 3*z - 1. What are the prime factors of u(d)?
2
Let y(k) = k. Let n be 4/3*6 - 3. What are the prime factors of y(n)?
5
Suppose 0 = 3*i + 14 - 5. Let f(x) = x**2 + x - 3. What are the prime factors of f(i)?
3
Suppose 0 = o - 0*o - 14. Let c = -7 + o. List the prime factors of c.
7
What are the prime factors of (36/15)/((-9)/(-480))?
2
Suppose 10*h = 14*h - 596. What are the prime factors of h?
149
Let j(n) = 0 + 2*n - 1 - n. Let b be j(4). Suppose -4*p - 3 = 4*x + 5, 0 = b*p + 12. List the prime factors of x.
2
Let z(q) be the third derivative of -q**6/120 + 7*q**5/60 - q**4/12 + 3*q**3/2 - 4*q**2. Let p be z(6). Let u = p - 18. List the prime factors of u.
3, 5
List the prime factors of ((-4)/8)/(5/(-670)).
67
Suppose -4*q + 12 = 0, 15 = -5*k - 4*q + 42. Suppose -62 = -k*h + h. Suppose -4*m - 2*x + h = m, -4*x + 7 = -m. What are the prime factors of m?
5
Let j = 52 + -20. What are the prime factors of j?
2
Let o(a) = a**2 + 2*a + 21. What are the prime factors of o(-13)?
2, 41
Suppose 3*d - 2*s - 10 = d, -5*d + 2*s = -13. Let t be 3 - (0 + 1 - d). Suppose -1 - 12 = -g + 2*c, 0 = t*c + 12. List the prime factors of g.
5
Let b(l) be the first derivative of l**3/3 + 4*l + 5. What are the prime factors of b(-3)?
13
Let k(n) = n**2 + 8*n - 6. List the prime factors of k(-13).
59
Suppose 5*p = 84 + 76. What are the prime factors of p?
2
List the prime factors of -1*(-615)/(18/6).
5, 41
Let q be (-53)/(-5) + 6/15. Let c = q - 7. Let n(g) = -g**3 + 6*g**2 - 5*g - 3. What are the prime factors of n(c)?
3
Suppose -4*a = 3*l + 40, -l = -4*l + 2*a - 16. Let k = -24 - -12. Let r = l - k. What are the prime factors of r?
2
Let w be 15*(0 + 2/3). Let p = -7 + w. List the prime factors of 3 + -1*(p - 2).
2
Suppose -5*v - i = -43, 0*i - 3*i - 33 = -3*v. Suppose 6 = g - 4*b, 37 = -3*g + 5*g - 3*b. Let q = g - v. What are the prime factors of q?
17
What are the prime factors of (-1 + 11)*(81/6 + -2)?
5, 23
Suppose 3*z = -2*v + 8, 2*z - 3*v - 5 = -2*z. Suppose 0 = 2*l - m + 67, -z*l - l - 93 = m. List the prime factors of l/(-3) - 3/(-9).
11
Suppose 31 = g - 5*s, -g - 2*s + 9 = -8. Suppose -4*i = 1 - g. What are the prime factors of i?
5
Let u be (-1)/(-2) + (-46)/(-4). What are the prime factors of (-4)/u*-1*18?
2, 3
Suppose 0 = -3*n - 0 + 9. Suppose u = n*u. Let j(d) = -d + 5. List the prime factors of j(u).
5
Let y(q) = -q**3 + 2*q**2 - q + 1. Let l be (24/15)/4*-5. List the prime factors of y(l).
19
Let v be (-2)/((-6)/(-9))*-7. Let n be (-1)/(-4) - 94/(-8). Let a = v - n. What are the prime factors of a?
3
Let y(z) = 15 - 2 - 10*z - 8*z**2 + z**2 + z**3 - 1. Let h be y(8). Let c = -2 - h. List the prime factors of c.
2
Let r = 93 + -53. Suppose -26 = -2*g + r. What are the prime factors of g?
3, 11
Let i be -2*29*(2 - 0). Suppose 3*b - 1 + 10 = 0. List the prime factors of i/(-12) - 1/b.
2, 5
Suppose 0 = -5*l - 4*h + 445, -2*l + h = 4*h - 171. What are the prime factors of l?
3, 31
Let z = -278 + 557. List the prime factors of z.
3, 31
Let k(o) = -o**2 - 10*o + 14. List the prime factors of k(-10).
2, 7
Suppose 121*s = 118*s + 912. List the prime factors of s.
2, 19
Let y(n) = n**2 + 2*n - 3. Let g(t) = -4*t**2 - 9*t + 13. Let a(f) = 4*g(f) + 18*y(f). Let h(u) be the first derivative of a(u). List the prime factors of h(1).
2
Let x be 2 - (-53 - -3)/(-2). Let k = x - -3. Let j = k + 36. What are the prime factors of j?
2
Suppose r + r = 8. Let i(d) = 3*d**2 - 5*d - 3. List the prime factors of i(r).
5
Suppose 2*j - 48 = 64. List the prime factors of j.
2, 7
Let r be -6 - (-2 + 3 - 2). Let z = -4 - r. List the prime factors of (z + 14)*6/10.
3
Suppose -21 = -3*i + 81. What are the